) + 1436 + -1402?
-15
Calculate -1 + 5 - (-52 + 68).
-12
Calculate -122 + 124 + -1 + 5.
6
Evaluate -31 + 103 + -47 - 7.
18
-1 - (0 - -11 - (-13 - -21))
-4
What is (0 - 4) + (6 + 2 - 0) - -9?
13
(-166 - -137) + (24 - 1)
-6
What is 6 - ((1 - -10) + (-16 - -11)) - -1?
1
Evaluate -3 - 1 - (0 + -4) - (4 - 7).
3
What is the value of 14 - (0 - -6 - (0 + 14 + -15))?
7
What is -4 - (2 + -7 - (-1 - 2))?
-2
Evaluate 8 - -4 - (37 - 12).
-13
What is (-3 - 25) + -5 - -68?
35
(4 - 3) + -14 + -3
-16
What is -51 + 15 + 28 + 2 + -4?
-10
Evaluate (-95 - -97) + (3 + -7 - -8).
6
-4 - -5 - (0 - -1)
0
What is the value of -1 + -9 - (20 + 74 + -101)?
-3
2 + -8 + (-20 - -17)
-9
What is the value of 7 + -4 + 2 - 15?
-10
-11 - ((6 - (-1 + 3)) + 1)
-16
Evaluate -22 - (0 - (15 - 7)).
-14
What is -5 + (144 - 152) + (1 + 1 - -15)?
4
4 + 1 - (44 + -17 + -39)
17
(-307 - -281) + -3 + -3 + (12 - -2)
-18
Calculate -6 + 10 - (9 - (1 - -3)).
-1
Evaluate 10 + (-2 - -2) - (-318 - -323).
5
Evaluate -9 + 0 + (9 - 13) + -6.
-19
What is the value of -6 + 12 + -8 + (5 - 4)?
-1
Calculate -18 + 45 + -25 - (34 + -4 + 3).
-31
Evaluate -13 + 15 + (8 - 20).
-10
Evaluate -3 + -2 - (-1 + (-6 - (0 + 5))).
7
Calculate 17 + (37 - 41) + 1 + 3.
17
Calculate (-3 - (-6 + 6)) + 15 + (1 - 0).
13
(1 - (17 + 2)) + (51 - 107) + 55
-19
What is -26 + 7 + (14 - 3) + -7?
-15
Calculate 9 - (-6 - -11) - 8 - (-18 - -1).
13
What is the value of 32 + (37 - 39) + -4?
26
What is the value of 1 - 4 - (3 + -11 + 5 - -2)?
-2
What is (-26 - -18) + -1 - -26?
17
-6 - (-10 - -1) - (-16 + 4 - 1)
16
Evaluate -25 + 12 + 11 + 2.
0
19 + -1 - (-226 + 224)
20
What is the value of -5 - 2 - (-5 + -15 + -3)?
16
What is the value of 70 + -7 - 21 - (4 - -8)?
30
What is -11 + (18 - 11) - -12?
8
Calculate (1 - -4) + -3 - (-13 + (0 - -7)).
8
Evaluate 2 - 9 - ((-42 - -23) + 2).
10
Calculate (25 - -14) + (-4 - 8).
27
What is -54 + (-24 - (-18 + -31))?
-29
(4 - -15 - 18) + 1 + 5 + -1
6
(-6 + 10 - -2) + 28 - 15
19
What is (31 + -7 - 7 - (-11 + 18)) + -27?
-17
What is the value of -6 + -5 + -2 + (-7 - -7 - -1)?
-12
Evaluate 25 - (13 - (14 + -7)).
19
What is the value of 9 - (12 + 1) - (-3 + 6) - 4?
-11
Calculate -26 - (-29 + 20) - -10.
-7
Evaluate 72 + -60 - (13 + (-5 - -3)).
1
What is the value of -7 + 1 - (-181 - -170)?
5
Evaluate (8 - -2) + (22 - -2 - 26).
8
Evaluate (22 + -30 - (2 + -3)) + 5.
-2
29 + (9 - 21 - (-3 - 8))
28
Calculate 1 + 5 + 15 + -18 + -6 + -12.
-15
-11 - (-12 + 15 - 10)
-4
What is the value of (-1 - -10 - (-6 - -7)) + -330 + 303?
-19
Evaluate (17 - 20 - -11) + (-8 - -2 - 1).
1
Evaluate 8 + (-27 - (-7 - -4)) + (-3 - -4).
-15
What is -15 + 12 + (-3 - -4) + 4?
2
What is the value of 3 + -2 + -5 + 17 + -3 - 25?
-15
What is -7 + 4 + 37 + -54?
-20
What is the value of -9 + 9 + -17 + (18 - 2)?
-1
29 + 2 - (182 + -147)
-4
-49 + 73 + (-9 - 4)
11
4 + (-6 - 3 - -17) + -24
-12
What is the value of -2 + -14 + -13 + 20?
-9
27 - (16 - (-32 + 33))
12
Evaluate (1 - 6) + -6 + (12 - 6) + 18.
13
1 + (1 - -2 - 5) - (-3 + 0)
2
Evaluate (7 - -7) + 0 + -13 - (-1 - 4).
6
Evaluate 20 + 2 - (-17 - (3 - -13 - 29)).
26
Calculate -15 - (18 - 6 - 40).
13
What is the value of (-1 - 31) + 7 + -15 + (23 - 18)?
-35
What is 3 - (-14 - (18 + -13 - 4))?
18
Calculate -29 - 11 - -21 - -38.
19
What is -103 - -125 - (8 - 3 - -4)?
13
What is the value of (1 - -1) + 84 + -96?
-10
What is the value of 195 + -205 + (-2 - -2) + (0 - -13)?
3
Evaluate -9 + (21 + -2 - (27 - 23)).
6
Calculate -5 - (-8 - (-12 + 12 + 11)).
14
What is (-2 + -2 - -2 - 1) + -565 + 564?
-4
Calculate 8 + 6 + (-8 - -9) + -5.
10
-11 + 5 + 1 + 21
16
Calculate -2 + 25 - (-37 + -2 + 40).
22
Calculate -338 + 326 + -1 + 10.
-3
What is -5 - (-30 + 13 + 17)?
-5
Evaluate 12 + 27 + -15 + -31.
-7
Evaluate (11 - (17 - 8)) + -3 + 12.
11
What is -6 + 1 - (-2 + -2 + -2)?
1
(-20 + -6 - -5) + 8
-13
-29 + (37 - 22) - -30
16
-154 + 132 - (-5 - -1) - (1 + -5)
-14
-14 - (6 - (2 - -17))
-1
Calculate -6 - (5 - -6) - 3 - -5.
-15
What is (-12 - -18) + (9 - (4 - 4) - 4)?
11
Calculate (-29 - -25) + (4 - (10 - (5 + -3))).
-8
-3 + -2 + 1 + -9 + 2
-11
What is (-4 + (-2 + 0 - -6) - 1) + -2?
-3
Evaluate -4 + 15 + (-5 + 2 - -8).
16
What is 61 + -51 + 42 + -29?
23
Evaluate (29 - 55) + 32 - -6.
12
What is 0 + -5 + (-1 + 12 - -35)?
41
Calculate 12 + -1 - -1 - (-26 + 0 - -25).
13
What is (-8 + 19 - 1) + (-49 - -5) + 5?
-29
3 + (-1 - 12) - (-2 - (-2 + -1))
-11
Evaluate (-6 - -4) + (-7 - 1 - (-52 - -58)).
-16
21 - (15 - (25 + -17) - (1 + -1))
14
What is 64 + -57 + (4 - 3)?
8
What is the value of 212 - 211 - ((-1 - -2) + -30) - -2?
32
Calculate -8 + 2 + 1 + -1 - (-66 + 58).
2
What is 7 + 10 + -4 + -21 - (-17 + 11)?
-2
What is the value of (3 + 6 + -19 - (-3 + 0)) + -7?
-14
Calculate 157 + -163 - ((-5 - 1) + 23).
-23
Evaluate 6 + -15 + (34 - 33).
-8
What is the value of -17 - (7 + 10 + -31)?
-3
Calculate -4 + (-5 - (7 + -6 - 3)) - -12.
5
Evaluate 255 + -218 - (2 + 10).
25
Evaluate -11 - (12 + 10 + -12 + 17).
-38
Evaluate -44 - -21 - 1 - -11.
-13
Calculate 3 - 5 - (-29 + 27 + (1 - -7)).
-8
Evaluate (1 - 3) + (-898 - -889).
-11
What is the value of -4 + 1 + 5 + -32 + 37 + -7?
0
Evaluate -88 + 88 + 14 + 0 - 15.
-1
What is the value of -7 + (-10 - (-16 + 0))?
-1
What is -26 + (13 - -11) + 24?
22
(-10 + 19 - 7) + (-13 - 0) + -1
-12
What is the value of -2 + 1 - -5 - (559 - 542)?
-13
What is (54 - (-3 - 2 - 3 - -19)) + -10?
33
What is the value of -4 - 1 - -4 - (-7 + 6 + -1)?
1
10 + (14 - 3) + (10 - 36)
-5
What is the value of 15 + (-28 - 2) + 48 + -10 + 0?
23
What is the value of (-12 - 0 - -2) + 3 + 7?
0
What is the value of (-21 - -49 - 53) + 10?
-15
What is the value of 3 + -2 + -43 + 42 + 7?
7
What is 5 + (1 - 19) - -5 - (26 - 15)?
-19
What is -2 - ((-6 - -5) + 4 - 8 - -15)?
-12
What is 30 + -55 + 19 - -18?
12
Evaluate 15 - ((19 - 14) + -5).
15
Calculate (-3 - (-4 - -4)) + (-3 - -19).
13
Calculate 8 - -1 - (-18 - -16 - -5).
6
Evaluate (-3 - (-5 + 9) - 6) + 3.
-10
Evaluate (6 - 1 - ((1 - -3) + 6)) + -2.
-7
What is 9 + -6 + 4 + 2 + -1 + 9?
17
What is the value of 2 - (-6 + 6 - (2 - 3))?
1
Calculate 87 - 92 - (-15 - 4).
14
(39 + -16 - 1) + -4
18
Evaluate (0 - (-10 + -2 + 11)) + 1 + 3.
5
Evaluate 9 + -11 + (6 - -1 - (-10 + 23)).
-8
-20 + (25 - -12) - 4
13
What is the value of -34 + 37 + -1 + (9 + 1 - 3)?
9
Evaluate 18 - (27 - -2) - (-2 - -3).
-12
(9 - (-8 - -38 - 11)) + 16
6
What is the value of (1 - -11) + 18 + -22 - (3 - -1)?
4
-597 + 600 - ((1 + 1 - 1) + 7)
-5
Evaluate -12 + -22 + 43 - 8.
1
What is -6 - (0 + -1 + -5 - (3 + 2))?
5
What is the value of 1 - (23 + -41 + 29)?
-10
Calculate 1 + 0 - (23 + 52 + -56).
-18
Calculate 6 - -7 - -3 - (0 + (-7 - -4)).
19
-20 + (-5 - -8) + 1 + -22 + 21
-17
-11 - (-2 + 2) - (596 - 581)
-26
Calculate -12 + -5 + -4 - -18.
-3
-8 + (58 - 15) + -28
7
What is -1 + 29 + (41 + -46 - 2)?
21
What is the value of 7 + -6 + 0 - (6 + -1)?
-4
What is the value of -8 - ((1 - 1) + (3 - 2) + 0)?
-9
Calculate (-2 - 11) + (39 - 24).
2
Evaluate 16 + -9 - (1 - -7) - 6.
-7
Calculate -97 + 99 + -4 + 1 + -3.
-4
-8 - (-29 + -15 + 17)
19
What is (-24 - (-13 - 0)) + 16?
5
Evaluate -12 + (-16 - -43) + -13.
2
What is the value of 23 - 20 - (8 + -13)?
8
What is the value of (26 - 16) + -24 - 1?
-15
Evaluate -31 - -21 - (-1 + -6) - -7.
4
-25 + 23 + -2 + 10 + 5
11
What is the value of 2 - 13 - (31 + (-31 - 2))?
-9
What is 15 + 4 + (8 - 25)?
2
What is -10 - -9 - (8 + (-8 - -3) + -11)?
7
What is (-35 + 11 - -12) + (-1 - -9)?
-4
Evaluate -8 + (22 + -10 + 1 - -2).
7
-19 + -1 + (7 - (-2 + (14 - 7)))
-18
What is the value of (-1 - (1 + 3)) + (126 - 98)?
23
Evaluate 2 + (10 - -32) + -26.
18
Evaluate 25 - (-8 - -16 - -3 - 2).
16
What is -41 + 7 - (5 - (-8 + 16))?
-31
What is the value of 21 + -16 - (3 + -5)?
7
(1 - 5) + (-9 + 2 - (-60 - -65))
-16
Calculate 8 + 14 + (-31 - -14) + 13.
18
Calculate (5 - (15 + -14)) + 7.
11
What is (20 - 63) + 11 - ((-1 - -4) + -4)?
-31
Evaluate (-3 + -3 - -3) + (12 - 3).
6
52 - ((-17 - -30) + 13)
26
Evaluate 2 + (1 - -1) + 20 + -25.
-1
What is the value of (5 - (3 - (-1 - 1))) + 5 - -1?
6
Calculate (-1 - -9) + 121 + -115.
14
What is the value of -1 - (1 - (-2 + -6)) - -6?
-4
What is -11 - (-1 - (-8 - -4))?
-14
What is the value of (0 - 2 - -5) + (15 + -4 - 16)?
-2
What is 13 + 14 + (7 - 52)?
-18
What is the valu